 number?
True
Is 22282996537 prime?
False
Is 1388696689 a composite number?
False
Is 17057405681 a composite number?
False
Is 962969285 prime?
False
Is 16797063041 a prime number?
False
Is 317420239 a prime number?
True
Is 475697219 a composite number?
False
Is 51637861897 a composite number?
False
Is 18534179 composite?
True
Is 1135771981 composite?
True
Is 134219553929 composite?
False
Is 10065544805 a composite number?
True
Is 32833495643 prime?
False
Is 3236686639 a composite number?
False
Is 169078418 composite?
True
Is 260603285041 prime?
False
Is 2677908521 a prime number?
False
Is 167605759 a prime number?
False
Is 12111122417 a prime number?
False
Is 1704640973 a prime number?
False
Is 1075333093 a composite number?
True
Is 3024553645 prime?
False
Is 1445502619 a prime number?
False
Is 551811289 a prime number?
True
Is 3470372093 a prime number?
True
Is 375144839 a composite number?
True
Is 1432919669 a composite number?
True
Is 10982549 a composite number?
False
Is 318297467 composite?
False
Is 4531629551 a composite number?
True
Is 3890070329 a prime number?
False
Is 5166187721 a composite number?
False
Is 7807241387 a prime number?
False
Is 1755087793 a composite number?
False
Is 36660339269 a composite number?
False
Is 6429065743 composite?
False
Is 4915033757 a prime number?
True
Is 1442928673 composite?
True
Is 282123706499 a prime number?
False
Is 137858417 a prime number?
False
Is 1877901017 prime?
True
Is 748445461 a composite number?
True
Is 152090398087 prime?
False
Is 793002121 prime?
False
Is 11339598949 prime?
False
Is 439747507 a prime number?
True
Is 124471093 a composite number?
True
Is 29774299889 prime?
True
Is 26747215091 a prime number?
True
Is 619078373 prime?
False
Is 5838971617 prime?
True
Is 20182578079 prime?
True
Is 2534492999 prime?
True
Is 2974760749 a prime number?
True
Is 72146369 composite?
True
Is 4721776783 a composite number?
True
Is 16631237201 a composite number?
False
Is 17997837859 a composite number?
False
Is 4257571583 prime?
False
Is 332461872817 a composite number?
False
Is 14368682035 a composite number?
True
Is 15670850851 composite?
False
Is 14536597183 a composite number?
False
Is 876227323 composite?
True
Is 25538486813 composite?
True
Is 4448323049 a composite number?
False
Is 77610639503 prime?
True
Is 4658138953 a prime number?
False
Is 53555893 a composite number?
True
Is 50719012811 a composite number?
False
Is 3463977377 a prime number?
False
Is 12685919381 prime?
True
Is 82965607 composite?
True
Is 17014161559 a composite number?
True
Is 828642277 composite?
True
Is 52400897309 a prime number?
False
Is 378130307 prime?
False
Is 5480806181 composite?
True
Is 235312205 a prime number?
False
Is 5181347357 prime?
True
Is 23617867759 composite?
False
Is 132598679 a prime number?
True
Is 277000118 a prime number?
False
Is 47039590831 prime?
True
Is 607676683 composite?
True
Is 68007548353 composite?
False
Is 5659993817 composite?
True
Is 11064709613 composite?
True
Is 29372238109 prime?
True
Is 15936377869 prime?
False
Is 9473024591 a composite number?
True
Is 92044213843 a prime number?
False
Is 47249439881 a prime number?
False
Is 160953619 composite?
False
Is 143068323773 composite?
False
Is 2523084037 prime?
True
Is 140329697657 a composite number?
True
Is 5549751089 composite?
True
Is 2166410681 prime?
False
Is 233036707 composite?
True
Is 127058498481 composite?
True
Is 8800254313 prime?
True
Is 30669811751 composite?
False
Is 150076145801 a prime number?
False
Is 20114718521 a prime number?
True
Is 44696638835 a composite number?
True
Is 16068552427 a composite number?
True
Is 7436466299 a prime number?
True
Is 23928302681 composite?
True
Is 754687021 a composite number?
True
Is 1766292973 prime?
False
Is 10511970871 prime?
True
Is 5903383813 a composite number?
True
Is 18295055897 a prime number?
True
Is 853096241 a prime number?
False
Is 953347777 a prime number?
False
Is 5168548219 a composite number?
True
Is 1095601109 a prime number?
True
Is 258881009435 prime?
False
Is 2389583023 composite?
True
Is 1161877001 a composite number?
False
Is 20186473009 a composite number?
True
Is 224185289 composite?
False
Is 1644703051 prime?
False
Is 53528861 a composite number?
False
Is 20385787523 a prime number?
True
Is 16101718613 a composite number?
False
Is 2943878347 a composite number?
False
Is 780650759 prime?
False
Is 39342467297 a prime number?
False
Is 1238827153 composite?
False
Is 86093653 a composite number?
False
Is 46443631499 composite?
False
Is 5119849541 prime?
True
Is 43040209 prime?
False
Is 45317887 a prime number?
False
Is 5387444539 composite?
False
Is 109269745229 a composite number?
False
Is 176998094995 a composite number?
True
Is 114530209 a composite number?
False
Is 970764521 prime?
True
Is 7488244661 prime?
True
Is 1050548353 a composite number?
False
Is 1005926609 composite?
True
Is 109891749319 composite?
True
Is 1554275747 a prime number?
True
Is 5494042313 composite?
True
Is 44258689931 a composite number?
True
Is 210421639 a composite number?
False
Is 6799059461 prime?
True
Is 13200588943 a composite number?
False
Is 5102595497 a composite number?
True
Is 1772807411 a prime number?
False
Is 776571919 composite?
True
Is 152557397 a composite number?
False
Is 2243855149 composite?
False
Is 4916409587 composite?
False
Is 52939591 composite?
False
Is 966320731 a composite number?
False
Is 58928291698 a composite number?
True
Is 3388213 a prime number?
False
Is 73940667271 a composite number?
True
Is 339604313 a prime number?
False
Is 896200399 a prime number?
True
Is 2323694083 a prime number?
True
Is 1692595831 a composite number?
False
Is 12472312453 a prime number?
True
Is 37180545863 prime?
True
Is 1264746523 a prime number?
False
Is 33523652566 a composite number?
True
Is 5908408127 composite?
True
Is 22251470033 prime?
False
Is 611081767 a composite number?
False
Is 8145527287 composite?
False
Is 96366816341 prime?
True
Is 826230043 a composite number?
False
Is 19702519 a composite number?
True
Is 52234882054 composite?
True
Is 9259797277 a prime number?
False
Is 651483029 prime?
True
Is 7439845723 composite?
True
Is 4168711087 a composite number?
False
Is 345507853 prime?
True
Is 262989281 a prime number?
False
Is 604148891 composite?
False
Is 62720107181 prime?
True
Is 4874039729 a composite number?
True
Is 3255853267 a prime number?
False
Is 93094787423 composite?
True
Is 356811463 a composite number?
True
Is 19264643 composite?
True
Is 10928927199 composite?
True
Is 2696370403 prime?
False
Is 7355034881 a composite number?
True
Is 66137582783 composite?
True
Is 444582071 composite?
True
Is 56338001 prime?
True
Is 11676701983 composite?
True
Is 10657372931 a composite number?
True
Is 526534873 prime?
True
Is 1301161391 a composite number?
False
Is 5009415511 a composite number?
False
Is 21405652421 a prime number?
True
Is 23440417519 prime?
True
Is 12779113519 a prime number?
True
Is 3953937851 composite?
False
Is 21603046747 a prime number?
False
Is 104697439237 prime?
False
Is 6346121713 a prime number?
True
Is 5340305657 composite?
True
Is 824417527 a composite number?
False
Is 1157874167 a composite number?
False
Is 3019824139 composite?
False
Is 622159631 composite?
False
Is 5065000489 a composite number?
False
Is 69716327 a prime number?
True
Is 5656603121 composite?
True
Is 307773337 a prime number?
False
Is 1991414573 prime?
False
Is 161794001 prime?
False
Is 33304211953 prime?
True
Is 1725000245 prime?
False
Is 60702407186 composite?
True
Is 115483684961 prime?
False
Is 295480033 composite?
False
Is 38135309 a prime number?
False
Is 15467402323 a composite number?
True
Is 2028180559 a prime number?
True
Is 1336959419 composite?
False
Is 2293212821 a prime number?
True
Is 3560120813 a composite number?
False
Is 119864328653 a prime number?
True
Is 13150374193 a prime number?
False
Is 518939027 a composite number?
True
Is 48512916799 prime?
True
Is 60803141699 prime?
False
Is 499235119 a composite number?
False
Is 155365734253 prime?
False
Is 1518926147 composite?
True
Is 4979200181 a composite number?
False
Is 333077939 a composite number?
True
Is 1088288111 prime?
False
Is 41986350383 composite?
False
Is 20306252053 prime?
True
Is 34489